{"id":1320,"date":"2017-11-30T23:02:34","date_gmt":"2017-11-30T22:02:34","guid":{"rendered":"http:\/\/www.art-de-vivre-en-veranda.com\/avv2\/?page_id=1320"},"modified":"2025-04-17T23:21:38","modified_gmt":"2025-04-17T22:21:38","slug":"livre-dor","status":"publish","type":"page","link":"https:\/\/www.art-de-vivre-en-veranda.com\/avv2\/livre-dor\/","title":{"rendered":"Livre d&rsquo;or &#8211; Cr\u00e9ation de V\u00e9randa Orl\u00e9ans"},"content":{"rendered":"<p style=\"text-align: center;\">Livre d&rsquo;or : laissez votre avis suite \u00e0 notre intervention.<br \/>\n<div id=\"metaslider-id-5784\" style=\"max-width: 400px; margin: 0 auto;\" class=\"ml-slider-3-108-0 metaslider metaslider-flex metaslider-5784 ml-slider has-dots-nav ms-theme-default-base\" role=\"region\" aria-label=\"Livre d&#039;or 2025\" data-height=\"700\" data-width=\"400\">\n    <div id=\"metaslider_container_5784\">\n        <div id=\"metaslider_5784\">\n            <ul class='slides'>\n                <li style=\"display: block; width: 100%;\" class=\"slide-5797 ms-image \" aria-roledescription=\"slide\" data-date=\"2025-04-17 23:14:20\" data-filename=\"4-400x700.jpg\" data-slide-type=\"image\"><img loading=\"lazy\" decoding=\"async\" src=\"https:\/\/www.art-de-vivre-en-veranda.com\/avv2\/wp-content\/uploads\/2017\/11\/4-400x700.jpg\" height=\"700\" width=\"400\" alt=\"4\" class=\"slider-5784 slide-5797 msDefaultImage\" \/><\/li>\n                <li style=\"display: none; width: 100%;\" class=\"slide-5799 ms-image \" aria-roledescription=\"slide\" data-date=\"2025-04-17 23:14:20\" data-filename=\"3-400x700.jpg\" data-slide-type=\"image\"><img loading=\"lazy\" decoding=\"async\" src=\"https:\/\/www.art-de-vivre-en-veranda.com\/avv2\/wp-content\/uploads\/2017\/11\/3-400x700.jpg\" height=\"700\" width=\"400\" alt=\"3\" class=\"slider-5784 slide-5799 msDefaultImage\" \/><\/li>\n                <li style=\"display: none; width: 100%;\" class=\"slide-5801 ms-image \" aria-roledescription=\"slide\" data-date=\"2025-04-17 23:14:20\" data-filename=\"2-400x700.jpg\" data-slide-type=\"image\"><img loading=\"lazy\" decoding=\"async\" src=\"https:\/\/www.art-de-vivre-en-veranda.com\/avv2\/wp-content\/uploads\/2017\/11\/2-400x700.jpg\" height=\"700\" width=\"400\" alt=\"2\" class=\"slider-5784 slide-5801 msDefaultImage\" \/><\/li>\n                <li style=\"display: none; width: 100%;\" class=\"slide-5792 ms-image \" aria-roledescription=\"slide\" data-date=\"2025-04-17 23:14:19\" data-filename=\"6-400x700.jpg\" data-slide-type=\"image\"><img loading=\"lazy\" decoding=\"async\" src=\"https:\/\/www.art-de-vivre-en-veranda.com\/avv2\/wp-content\/uploads\/2017\/11\/6-400x700.jpg\" height=\"700\" width=\"400\" alt=\"6\" class=\"slider-5784 slide-5792 msDefaultImage\" \/><\/li>\n                <li style=\"display: none; width: 100%;\" class=\"slide-5838 ms-image \" aria-roledescription=\"slide\" data-date=\"2025-04-17 23:51:53\" data-filename=\"livre-dor-14-pdf-400x700.jpg\" data-slide-type=\"image\"><img loading=\"lazy\" decoding=\"async\" src=\"https:\/\/www.art-de-vivre-en-veranda.com\/avv2\/wp-content\/uploads\/2025\/04\/livre-dor-14-pdf-400x700.jpg\" height=\"700\" width=\"400\" alt=\"livre dor pdf\" class=\"slider-5784 slide-5838 msDefaultImage\" \/><\/li>\n                <li style=\"display: none; width: 100%;\" class=\"slide-5839 ms-image \" aria-roledescription=\"slide\" data-date=\"2025-04-17 23:51:54\" data-filename=\"livre-dor-10-pdf-400x700.jpg\" data-slide-type=\"image\"><img loading=\"lazy\" decoding=\"async\" src=\"https:\/\/www.art-de-vivre-en-veranda.com\/avv2\/wp-content\/uploads\/2025\/04\/livre-dor-10-pdf-400x700.jpg\" height=\"700\" width=\"400\" alt=\"livre dor pdf\" class=\"slider-5784 slide-5839 msDefaultImage\" \/><\/li>\n                <li style=\"display: none; width: 100%;\" class=\"slide-5840 ms-image \" aria-roledescription=\"slide\" data-date=\"2025-04-17 23:51:54\" data-filename=\"livre-dor-pdf-400x700.jpg\" data-slide-type=\"image\"><img loading=\"lazy\" decoding=\"async\" src=\"https:\/\/www.art-de-vivre-en-veranda.com\/avv2\/wp-content\/uploads\/2025\/04\/livre-dor-pdf-400x700.jpg\" height=\"700\" width=\"400\" alt=\"livre dor pdf\" class=\"slider-5784 slide-5840 msDefaultImage\" \/><\/li>\n                <li style=\"display: none; width: 100%;\" class=\"slide-5841 ms-image \" aria-roledescription=\"slide\" data-date=\"2025-04-17 23:51:54\" data-filename=\"livre-dor-8-pdf-400x700.jpg\" data-slide-type=\"image\"><img loading=\"lazy\" decoding=\"async\" src=\"https:\/\/www.art-de-vivre-en-veranda.com\/avv2\/wp-content\/uploads\/2025\/04\/livre-dor-8-pdf-400x700.jpg\" height=\"700\" width=\"400\" alt=\"livre dor pdf\" class=\"slider-5784 slide-5841 msDefaultImage\" \/><\/li>\n                <li style=\"display: none; width: 100%;\" class=\"slide-5846 ms-image \" aria-roledescription=\"slide\" data-date=\"2025-04-17 23:51:54\" data-filename=\"livre-dor-2-pdf-400x700.jpg\" data-slide-type=\"image\"><img loading=\"lazy\" decoding=\"async\" src=\"https:\/\/www.art-de-vivre-en-veranda.com\/avv2\/wp-content\/uploads\/2025\/04\/livre-dor-2-pdf-400x700.jpg\" height=\"700\" width=\"400\" alt=\"livre dor pdf\" class=\"slider-5784 slide-5846 msDefaultImage\" \/><\/li>\n                <li style=\"display: none; width: 100%;\" class=\"slide-5842 ms-image \" aria-roledescription=\"slide\" data-date=\"2025-04-17 23:51:54\" data-filename=\"livre-dor-4-pdf-400x700.jpg\" data-slide-type=\"image\"><img loading=\"lazy\" decoding=\"async\" src=\"https:\/\/www.art-de-vivre-en-veranda.com\/avv2\/wp-content\/uploads\/2025\/04\/livre-dor-4-pdf-400x700.jpg\" height=\"700\" width=\"400\" alt=\"livre dor pdf\" class=\"slider-5784 slide-5842 msDefaultImage\" \/><\/li>\n                <li style=\"display: none; width: 100%;\" class=\"slide-5843 ms-image \" aria-roledescription=\"slide\" data-date=\"2025-04-17 23:51:54\" data-filename=\"livre-dor-22-pdf-400x700.jpg\" data-slide-type=\"image\"><img loading=\"lazy\" decoding=\"async\" src=\"https:\/\/www.art-de-vivre-en-veranda.com\/avv2\/wp-content\/uploads\/2025\/04\/livre-dor-22-pdf-400x700.jpg\" height=\"700\" width=\"400\" alt=\"livre dor pdf\" class=\"slider-5784 slide-5843 msDefaultImage\" \/><\/li>\n                <li style=\"display: none; width: 100%;\" class=\"slide-5844 ms-image \" aria-roledescription=\"slide\" data-date=\"2025-04-17 23:51:54\" data-filename=\"livre-dor-16-pdf-400x700.jpg\" data-slide-type=\"image\"><img loading=\"lazy\" decoding=\"async\" src=\"https:\/\/www.art-de-vivre-en-veranda.com\/avv2\/wp-content\/uploads\/2025\/04\/livre-dor-16-pdf-400x700.jpg\" height=\"700\" width=\"400\" alt=\"livre dor pdf\" class=\"slider-5784 slide-5844 msDefaultImage\" \/><\/li>\n                <li style=\"display: none; width: 100%;\" class=\"slide-5845 ms-image \" aria-roledescription=\"slide\" data-date=\"2025-04-17 23:51:54\" data-filename=\"livre-dor-12-pdf-400x700.jpg\" data-slide-type=\"image\"><img loading=\"lazy\" decoding=\"async\" src=\"https:\/\/www.art-de-vivre-en-veranda.com\/avv2\/wp-content\/uploads\/2025\/04\/livre-dor-12-pdf-400x700.jpg\" height=\"700\" width=\"400\" alt=\"livre dor pdf\" class=\"slider-5784 slide-5845 msDefaultImage\" \/><\/li>\n                <li style=\"display: none; width: 100%;\" class=\"slide-5847 ms-image \" aria-roledescription=\"slide\" data-date=\"2025-04-17 23:51:54\" data-filename=\"livre-dor-6-pdf-400x700.jpg\" data-slide-type=\"image\"><img loading=\"lazy\" decoding=\"async\" src=\"https:\/\/www.art-de-vivre-en-veranda.com\/avv2\/wp-content\/uploads\/2025\/04\/livre-dor-6-pdf-400x700.jpg\" height=\"700\" width=\"400\" alt=\"livre dor pdf\" class=\"slider-5784 slide-5847 msDefaultImage\" \/><\/li>\n                <li style=\"display: none; width: 100%;\" class=\"slide-5848 ms-image \" aria-roledescription=\"slide\" data-date=\"2025-04-17 23:51:54\" data-filename=\"livre-dor-20-pdf-400x700.jpg\" data-slide-type=\"image\"><img loading=\"lazy\" decoding=\"async\" src=\"https:\/\/www.art-de-vivre-en-veranda.com\/avv2\/wp-content\/uploads\/2025\/04\/livre-dor-20-pdf-400x700.jpg\" height=\"700\" width=\"400\" alt=\"livre dor pdf\" class=\"slider-5784 slide-5848 msDefaultImage\" \/><\/li>\n                <li style=\"display: none; width: 100%;\" class=\"slide-5849 ms-image \" aria-roledescription=\"slide\" data-date=\"2025-04-17 23:51:54\" data-filename=\"livre-dor-3-pdf-400x700.jpg\" data-slide-type=\"image\"><img loading=\"lazy\" decoding=\"async\" src=\"https:\/\/www.art-de-vivre-en-veranda.com\/avv2\/wp-content\/uploads\/2025\/04\/livre-dor-3-pdf-400x700.jpg\" height=\"700\" width=\"400\" alt=\"livre dor pdf\" class=\"slider-5784 slide-5849 msDefaultImage\" \/><\/li>\n                <li style=\"display: none; width: 100%;\" class=\"slide-5850 ms-image \" aria-roledescription=\"slide\" data-date=\"2025-04-17 23:51:54\" data-filename=\"livre-dor-7-pdf-400x700.jpg\" data-slide-type=\"image\"><img loading=\"lazy\" decoding=\"async\" src=\"https:\/\/www.art-de-vivre-en-veranda.com\/avv2\/wp-content\/uploads\/2025\/04\/livre-dor-7-pdf-400x700.jpg\" height=\"700\" width=\"400\" alt=\"livre dor pdf\" class=\"slider-5784 slide-5850 msDefaultImage\" \/><\/li>\n                <li style=\"display: none; width: 100%;\" class=\"slide-5851 ms-image \" aria-roledescription=\"slide\" data-date=\"2025-04-17 23:51:54\" data-filename=\"livre-dor-21-pdf-400x700.jpg\" data-slide-type=\"image\"><img loading=\"lazy\" decoding=\"async\" src=\"https:\/\/www.art-de-vivre-en-veranda.com\/avv2\/wp-content\/uploads\/2025\/04\/livre-dor-21-pdf-400x700.jpg\" height=\"700\" width=\"400\" alt=\"livre dor pdf\" class=\"slider-5784 slide-5851 msDefaultImage\" \/><\/li>\n                <li style=\"display: none; width: 100%;\" class=\"slide-5852 ms-image \" aria-roledescription=\"slide\" data-date=\"2025-04-17 23:51:54\" data-filename=\"livre-dor-17-pdf-400x700.jpg\" data-slide-type=\"image\"><img loading=\"lazy\" decoding=\"async\" src=\"https:\/\/www.art-de-vivre-en-veranda.com\/avv2\/wp-content\/uploads\/2025\/04\/livre-dor-17-pdf-400x700.jpg\" height=\"700\" width=\"400\" alt=\"livre dor pdf\" class=\"slider-5784 slide-5852 msDefaultImage\" \/><\/li>\n                <li style=\"display: none; width: 100%;\" class=\"slide-5853 ms-image \" aria-roledescription=\"slide\" data-date=\"2025-04-17 23:51:54\" data-filename=\"livre-dor-13-pdf-400x700.jpg\" data-slide-type=\"image\"><img loading=\"lazy\" decoding=\"async\" src=\"https:\/\/www.art-de-vivre-en-veranda.com\/avv2\/wp-content\/uploads\/2025\/04\/livre-dor-13-pdf-400x700.jpg\" height=\"700\" width=\"400\" alt=\"livre dor pdf\" class=\"slider-5784 slide-5853 msDefaultImage\" \/><\/li>\n                <li style=\"display: none; width: 100%;\" class=\"slide-5854 ms-image \" aria-roledescription=\"slide\" data-date=\"2025-04-17 23:51:54\" data-filename=\"livre-dor-1-pdf-400x700.jpg\" data-slide-type=\"image\"><img loading=\"lazy\" decoding=\"async\" src=\"https:\/\/www.art-de-vivre-en-veranda.com\/avv2\/wp-content\/uploads\/2025\/04\/livre-dor-1-pdf-400x700.jpg\" height=\"700\" width=\"400\" alt=\"livre dor pdf\" class=\"slider-5784 slide-5854 msDefaultImage\" \/><\/li>\n                <li style=\"display: none; width: 100%;\" class=\"slide-5855 ms-image \" aria-roledescription=\"slide\" data-date=\"2025-04-17 23:51:54\" data-filename=\"livre-dor-5-pdf-400x700.jpg\" data-slide-type=\"image\"><img loading=\"lazy\" decoding=\"async\" src=\"https:\/\/www.art-de-vivre-en-veranda.com\/avv2\/wp-content\/uploads\/2025\/04\/livre-dor-5-pdf-400x700.jpg\" height=\"700\" width=\"400\" alt=\"livre dor pdf\" class=\"slider-5784 slide-5855 msDefaultImage\" \/><\/li>\n                <li style=\"display: none; width: 100%;\" class=\"slide-5856 ms-image \" aria-roledescription=\"slide\" data-date=\"2025-04-17 23:51:54\" data-filename=\"livre-dor-9-pdf-400x700.jpg\" data-slide-type=\"image\"><img loading=\"lazy\" decoding=\"async\" src=\"https:\/\/www.art-de-vivre-en-veranda.com\/avv2\/wp-content\/uploads\/2025\/04\/livre-dor-9-pdf-400x700.jpg\" height=\"700\" width=\"400\" alt=\"livre dor pdf\" class=\"slider-5784 slide-5856 msDefaultImage\" \/><\/li>\n                <li style=\"display: none; width: 100%;\" class=\"slide-5857 ms-image \" aria-roledescription=\"slide\" data-date=\"2025-04-17 23:51:54\" data-filename=\"livre-dor-15-pdf-400x700.jpg\" data-slide-type=\"image\"><img loading=\"lazy\" decoding=\"async\" src=\"https:\/\/www.art-de-vivre-en-veranda.com\/avv2\/wp-content\/uploads\/2025\/04\/livre-dor-15-pdf-400x700.jpg\" height=\"700\" width=\"400\" alt=\"livre dor pdf\" class=\"slider-5784 slide-5857 msDefaultImage\" \/><\/li>\n                <li style=\"display: none; width: 100%;\" class=\"slide-5858 ms-image \" aria-roledescription=\"slide\" data-date=\"2025-04-17 23:51:54\" data-filename=\"livre-dor-11-pdf-400x700.jpg\" data-slide-type=\"image\"><img loading=\"lazy\" decoding=\"async\" src=\"https:\/\/www.art-de-vivre-en-veranda.com\/avv2\/wp-content\/uploads\/2025\/04\/livre-dor-11-pdf-400x700.jpg\" height=\"700\" width=\"400\" alt=\"livre dor pdf\" class=\"slider-5784 slide-5858 msDefaultImage\" \/><\/li>\n                <li style=\"display: none; width: 100%;\" class=\"slide-5859 ms-image \" aria-roledescription=\"slide\" data-date=\"2025-04-17 23:51:54\" data-filename=\"livre-dor-19-pdf-400x700.jpg\" data-slide-type=\"image\"><img loading=\"lazy\" decoding=\"async\" src=\"https:\/\/www.art-de-vivre-en-veranda.com\/avv2\/wp-content\/uploads\/2025\/04\/livre-dor-19-pdf-400x700.jpg\" height=\"700\" width=\"400\" alt=\"livre dor pdf\" class=\"slider-5784 slide-5859 msDefaultImage\" \/><\/li>\n                <li style=\"display: none; width: 100%;\" class=\"slide-5860 ms-image \" aria-roledescription=\"slide\" data-date=\"2025-04-17 23:51:54\" data-filename=\"livre-dor-18-pdf-400x700.jpg\" data-slide-type=\"image\"><img loading=\"lazy\" decoding=\"async\" src=\"https:\/\/www.art-de-vivre-en-veranda.com\/avv2\/wp-content\/uploads\/2025\/04\/livre-dor-18-pdf-400x700.jpg\" height=\"700\" width=\"400\" alt=\"livre dor pdf\" class=\"slider-5784 slide-5860 msDefaultImage\" \/><\/li>\n            <\/ul>\n        <\/div>\n        \n    <\/div>\n<\/div><\/p>\n<p>&nbsp;<\/p>\n","protected":false},"excerpt":{"rendered":"<p>Livre d&rsquo;or : laissez votre avis suite \u00e0 notre intervention. &nbsp;<\/p>\n","protected":false},"author":1,"featured_media":0,"parent":0,"menu_order":0,"comment_status":"closed","ping_status":"closed","template":"template-full-custom.php","meta":{"footnotes":""},"class_list":["post-1320","page","type-page","status-publish","hentry"],"_links":{"self":[{"href":"https:\/\/www.art-de-vivre-en-veranda.com\/avv2\/wp-json\/wp\/v2\/pages\/1320","targetHints":{"allow":["GET"]}}],"collection":[{"href":"https:\/\/www.art-de-vivre-en-veranda.com\/avv2\/wp-json\/wp\/v2\/pages"}],"about":[{"href":"https:\/\/www.art-de-vivre-en-veranda.com\/avv2\/wp-json\/wp\/v2\/types\/page"}],"author":[{"embeddable":true,"href":"https:\/\/www.art-de-vivre-en-veranda.com\/avv2\/wp-json\/wp\/v2\/users\/1"}],"replies":[{"embeddable":true,"href":"https:\/\/www.art-de-vivre-en-veranda.com\/avv2\/wp-json\/wp\/v2\/comments?post=1320"}],"version-history":[{"count":15,"href":"https:\/\/www.art-de-vivre-en-veranda.com\/avv2\/wp-json\/wp\/v2\/pages\/1320\/revisions"}],"predecessor-version":[{"id":5806,"href":"https:\/\/www.art-de-vivre-en-veranda.com\/avv2\/wp-json\/wp\/v2\/pages\/1320\/revisions\/5806"}],"wp:attachment":[{"href":"https:\/\/www.art-de-vivre-en-veranda.com\/avv2\/wp-json\/wp\/v2\/media?parent=1320"}],"curies":[{"name":"wp","href":"https:\/\/api.w.org\/{rel}","templated":true}]}}